at is the highest common divisor of 182 and j?
26
Suppose 0 = 2*j - 4. Suppose 2*c + j*o - 8 - 6 = 0, -3*o = -12. What is the highest common divisor of 15 and c?
3
Let i(n) be the third derivative of -5*n**4/12 + n**3/3 + n**2. Let m be i(-1). Calculate the highest common divisor of 24 and m.
12
Suppose 3*w - 25 = -4. What is the greatest common factor of 77 and w?
7
Let z(a) = -3*a**2 - 53*a - 18. Let k be z(-17). What is the greatest common divisor of 104 and k?
8
Suppose 3*j = -0*j + 336. Let h(w) = w**3 + 3*w**2 - 3*w. Let g be h(2). What is the greatest common divisor of j and g?
14
Suppose -5*i - 224 = -9*i. What is the highest common divisor of 8 and i?
8
Let d(u) = -12*u**3 - u**2 + u + 1. Let g be d(-1). What is the greatest common factor of g and 1?
1
Let j(g) = 9*g - 12. Let p be j(8). Let r(w) = w. Let q be r(-4). Let x be q/(-1 - (-6)/10). What is the highest common factor of x and p?
10
Let r be (-7912)/(-52) + (-2)/13. What is the highest common factor of 19 and r?
19
Suppose 2*l = 3*x - 109, -x = -4*l - 0*l - 43. Suppose -3*d - 35 = -8*d. What is the greatest common divisor of d and x?
7
Let h(q) = -q**3 - 11 - 6*q + 0 + 2 + 12*q**2 - 2*q. Let u be h(11). Suppose 2*p - 3 = p. Calculate the greatest common factor of u and p.
3
Suppose -l = -q - 7 + 105, -4*l = 4*q - 408. Suppose -4*i + 34 = -2*z - 120, -i - 4*z = -52. Calculate the highest common divisor of i and q.
20
Suppose 3*o = 69 - 9. Let q(d) = -d + 7. Let s be q(7). Suppose 0*f - 4*f + o = s. Calculate the highest common factor of 1 and f.
1
Let n be (-56)/10 + (-2)/5. Let m be ((-1 + 2)*-1)/((-10)/130). Let k = m + n. What is the highest common factor of k and 21?
7
Let b(w) = -w**3 + 4*w**2 - 2*w - 3. Let y be b(3). Suppose 0*f - 28 = -4*k + 2*f, y = k - 4*f - 7. Calculate the highest common divisor of 77 and k.
7
Suppose d - 3*w - 55 = -5*w, -d - w = -55. Let p = d - -51. Let q be (-2)/(-5) - p/(-10). What is the greatest common factor of 121 and q?
11
Suppose z - 52 + 12 = 0. Suppose z - 211 = -y. Let h = 0 - -19. Calculate the greatest common divisor of y and h.
19
Let m be ((-91)/35)/(1/(-5)). Suppose m*a - 14*a + 15 = 0. What is the highest common divisor of 3 and a?
3
Let k(a) = a + 23. Let b be k(-11). What is the highest common factor of b and 18?
6
Let w be 488/12 + (-1)/(-3). Suppose -3*y + w = -13. Let m(f) = -4*f - 2. Let g be m(-2). What is the highest common divisor of g and y?
6
Let x be (-70)/(-3) + (22/(-6))/11. What is the greatest common divisor of x and 184?
23
Suppose 4*z = 16, 2*z + 103 = 2*h + h. What is the highest common divisor of 37 and h?
37
Let s be 9/(-18)*(0 + -22). Calculate the highest common factor of s and 22.
11
Let u(i) = -i + 9. Let l be u(7). Suppose 2*o + 3*c = -l*o + 49, -o + 12 = c. What is the greatest common divisor of o and 52?
13
Suppose 0 = -7*r + 3*r + 80. Let i = -64 - -114. Calculate the greatest common factor of i and r.
10
Let d(j) = j + 7. Let g be d(3). Calculate the highest common divisor of g and 10.
10
Let a = -22 - -24. Suppose 22 = a*x - 3*v, 5*x + v - 14 - 58 = 0. What is the highest common divisor of x and 126?
14
Let q(o) = -10*o - 6. Let w = -4 + -2. Let n be q(w). Suppose -n = -5*y - 2*c, 2*y - 5*c - 63 = -2*y. What is the highest common divisor of 36 and y?
12
Let a be (3/2)/(3/(-66)). Let y be a/(-1 - 2)*1. What is the highest common factor of y and 55?
11
Suppose -2*u = j - 0*u - 10, 2*u - 2 = 3*j. Let r be (8/(-12))/(j/(-3)). Let s be r + (-2 + 461)/3. What is the greatest common factor of 22 and s?
22
Let f be ((-12)/10)/((-18)/60). Suppose -7 = 3*x - 4*m + 1, -2*x + 3*m = 7. Let d = x - 3. What is the greatest common factor of d and f?
1
Suppose -172 = -2*f - 2*f. Let u = f - 31. Calculate the greatest common factor of 108 and u.
12
Suppose 3*p + 2*k + 14 = 8*p, -3*k = p + 4. Suppose -p*f + 18 = f. What is the highest common factor of 66 and f?
6
Let d = -42 - 84. Let i(b) = -14*b**2. Let x be i(1). Let r = x - d. Calculate the greatest common divisor of 14 and r.
14
Let n be (-10)/35 + (-58)/(-7). What is the greatest common factor of n and 88?
8
Let v(k) = -k**3 - k**2 + 9. Let j be v(0). Suppose u + 12 = -3*u. Let z be u/(-12) - (-46)/8. Calculate the highest common factor of j and z.
3
Suppose 4*g - 16 = -0*g, 0 = 2*q - 2*g - 32. Calculate the greatest common factor of 8 and q.
4
Suppose 0 = 4*a - 4*s - 32, -2*a = -2*s + 5*s - 1. Suppose 36 = a*q + p - 2, 2*q + 4*p = 26. Calculate the highest common divisor of 1 and q.
1
Let a be 1/((-2)/(-10) - 0). Let m = 21 + -15. Let w(c) = 6*c + 4. Let k be w(m). What is the highest common divisor of a and k?
5
Suppose -2*w - 2*j = -38, -2*w - 2*j = -3*w + 25. Calculate the highest common factor of 14 and w.
7
Suppose -3*d = -12 - 105. Suppose -d = -3*f + 3. What is the highest common factor of 154 and f?
14
Suppose x + 2*x = 342. Suppose -2*k - 591 = -5*g, -k = 2*g - g - x. Calculate the highest common divisor of g and 13.
13
Let v = 10 - -16. Calculate the highest common divisor of v and 39.
13
Let g be 0 + (5 - (7 - 4)). Let c = -27 - -33. What is the greatest common divisor of g and c?
2
Let r be 1 + (2 - (1 + -15)). Let z be (-1)/(-3) + ((-318)/(-18) - 1). What is the highest common factor of z and r?
17
Let s be 4/((-28)/10 + 3). Suppose b + 10 = -3*k, 2*k = -0*k - 8. Calculate the greatest common divisor of b and s.
2
Let k be -1 + 1 + (-36)/(-2). Suppose 143 = 4*r - s, 4*s = -r - 0*s + 23. Let g be 3130/r - (-4)/7. What is the greatest common factor of k and g?
18
Suppose z + 2*v - 62 = -2*v, v + 72 = z. Calculate the highest common divisor of z and 10.
10
Suppose 5*q = -5*v + 235, 4*v = -3*q - 2*q + 237. What is the highest common factor of q and 147?
49
Let b(c) = c**3 - 7*c**2 + 9*c - 5. Let y be b(6). Let x = -4 - -6. Let h be x + 50 + 3 + -3. What is the highest common divisor of y and h?
13
Let l(p) = 21*p**2 - 3*p - 2. Let z = -26 - -28. Let v be l(z). What is the greatest common factor of 19 and v?
19
Suppose 4*f - 260 = -0*f. Let s be 2/(24/4)*-2*-39. Calculate the greatest common divisor of f and s.
13
Let l be 4*(35/(-4))/(-5). Let y = 69 + -68. Calculate the greatest common divisor of y and l.
1
Let v be (-56)/(-6)*(-12)/(-8). Let s = v + -7. Let b = -33 - -54. Calculate the greatest common divisor of b and s.
7
Let u(q) = -4*q - 18. Let g be u(-10). Calculate the greatest common divisor of g and 55.
11
Suppose -3*j - 18 = -5*j. Suppose 0 = -6*f + 2*f + 24. Let k = f + 3. What is the greatest common factor of j and k?
9
Let a be 9/6 - (-34)/4. Let p be 68/a + 5/25. What is the greatest common divisor of p and 35?
7
Let i(h) be the third derivative of -h**4/12 + 5*h**3/6 + h**2. Let d be i(-6). What is the greatest common factor of 136 and d?
17
Suppose -j + 3*o + 7 + 4 = 0, 4*j = 5*o + 23. Suppose 4*i - 10 = 30. Calculate the highest common divisor of j and i.
2
Suppose -11 = b - 29. Suppose -5*y - u + 22 = 0, 5*y + u = 2*u + b. Let f be (y/5)/(4/70). What is the greatest common factor of 21 and f?
7
Suppose 2*a = -2*a. Suppose -2*f + 3 + 9 = a. Calculate the greatest common factor of f and 6.
6
Suppose 3*t + 6 = -0*t. Let c(y) be the first derivative of 3*y**3 - y**2/2 + y - 1. Let v be c(t). What is the greatest common divisor of 13 and v?
13
Suppose -9*d + 1729 = 10*d. Calculate the highest common divisor of 13 and d.
13
Suppose 0 = -2*v + 5*q + 16, -v - 3*v + 12 = -5*q. Let c = v + 1. Let h be ((c - 0)*5)/(-1). Calculate the greatest common divisor of h and 40.
5
Suppose 28 - 22 = 3*c. Calculate the highest common factor of 5 and c.
1
Let t be 202 + (-2 - 0)/1. Suppose 2*i - 4 = -0*i. Suppose 6*f + t = 3*h + 5*f, i*h = f + 134. What is the greatest common factor of 6 and h?
6
Let a = 88 - 18. What is the greatest common factor of 10 and a?
10
Suppose -5*r - 3 = -6*r. What is the highest common factor of 3 and r?
3
Let p(t) = -t**3 - 3*t**2 + 3*t - 4. Let f be p(-4). Suppose 0 = -3*g - f*g + 108. Let v be 18*(10 - 4)/12. Calculate the greatest common factor of g and v.
9
Suppose 3*n + 12 = 48. Suppose n = 2*x + 2*x. Suppose 4*u = -5*f + 6*u + 67, -x*f = -3*u - 42. Calculate the highest common divisor of 13 and f.
13
Let x(t) = t**2 - 6*t - 4. Let k be x(7). Let i be (1 + 20)/(-12 + 13). What is the greatest common divisor of i and